{"id":8857,"date":"2025-01-26T19:42:12","date_gmt":"2025-01-26T18:42:12","guid":{"rendered":"https:\/\/pradas.net\/producto\/monter-les-flancs-agrafes-usl-b-usm-vario-s\/"},"modified":"2025-01-26T19:42:12","modified_gmt":"2025-01-26T18:42:12","slug":"monter-les-flancs-agrafes-usl-b-usm-vario-s","status":"publish","type":"product","link":"https:\/\/pradas.net\/fr\/producto\/monter-les-flancs-agrafes-usl-b-usm-vario-s\/","title":{"rendered":"Monter les Flancs Agrafes USL-B USM Vario S."},"content":{"rendered":"<p><iframe title=\"STAPLE SIDE LASTING MACHINE USL-B\" width=\"800\" height=\"450\" src=\"https:\/\/www.youtube.com\/embed\/MjoJ9mDOZO8?feature=oembed\" frameborder=\"0\" allow=\"accelerometer; autoplay; clipboard-write; encrypted-media; gyroscope; picture-in-picture; web-share\" referrerpolicy=\"strict-origin-when-cross-origin\" allowfullscreen><\/iframe><\/p>\n","protected":false},"excerpt":{"rendered":"<ul>\n<li>Cette machine a pour fonction d&rsquo;ajuster la coupe de la fabrication Goodyear \u00e0 l&#8217;embauchoir et de la fixer au mur \u00e0 l&rsquo;aide d&rsquo;agrafes que la machine fabrique directement \u00e0 partir d&rsquo;un rouleau de fil m\u00e9tallique.<\/li>\n<li>\u00c0 leur tour, les pinces de traction ajustables permettent de simplifier l&rsquo;ajustement en tirant sur le cuir et la doublure contre le mur pendant que la machine pose les agrafes.<\/li>\n<li>Le fil m\u00e9tallique est si fin qu&rsquo;il ne g\u00eane pas lors de la pose de la tr\u00e9pointe. <\/li>\n<li>Elle a \u00e9t\u00e9 cr\u00e9\u00e9e pour palier les probl\u00e8mes habituels des machines m\u00e9caniques,<\/li>\n<li>du fait que le frein et l&#8217;embrayage ont \u00e9t\u00e9 remplac\u00e9s par<\/li>\n<li>un moteur \u00e0 variateur de vitesse \u00e9lectronique.<\/li>\n<\/ul>\n<p>&nbsp;<\/p>\n<p>Cat\u00e1logo: <a href=\"https:\/\/www.pradas.net\/wp-content\/uploads\/2025\/01\/3.-MAQ.-MONTAR-COSTADOS-CON-GRAPAS-USL-B-VARIO-STOP-09765_Espanol.pdf\" target=\"_blank\" rel=\"noopener\">Descargar<\/a><\/p>\n<p>&nbsp;<\/p>\n<p>&nbsp;<\/p>\n","protected":false},"featured_media":4176,"comment_status":"open","ping_status":"closed","template":"","meta":[],"product_brand":[],"product_cat":[196,92],"product_tag":[123],"class_list":{"0":"post-8857","1":"product","2":"type-product","3":"status-publish","4":"has-post-thumbnail","6":"product_cat-goodyear-welt-fr-2","7":"product_cat-non-categorise","8":"product_tag-nueva-fr","10":"first","11":"instock","12":"shipping-taxable","13":"product-type-simple"},"yoast_head":"<!-- This site is optimized with the Yoast SEO plugin v27.3 - https:\/\/yoast.com\/product\/yoast-seo-wordpress\/ -->\n<title>Monter les Flancs Agrafes USL-B USM Vario S. | Pradas<\/title>\n<meta name=\"robots\" content=\"index, follow, max-snippet:-1, max-image-preview:large, max-video-preview:-1\" \/>\n<link rel=\"canonical\" href=\"https:\/\/pradas.net\/fr\/producto\/monter-les-flancs-agrafes-usl-b-usm-vario-s\/\" \/>\n<meta property=\"og:locale\" content=\"fr_FR\" \/>\n<meta property=\"og:type\" content=\"article\" \/>\n<meta property=\"og:title\" content=\"Monter les Flancs Agrafes USL-B USM Vario S. | Pradas\" \/>\n<meta property=\"og:description\" content=\"Cette machine a pour fonction d&#039;ajuster la coupe de la fabrication Goodyear \u00e0 l&#039;embauchoir et de la fixer au mur \u00e0 l&#039;aide d&#039;agrafes que la machine fabrique directement \u00e0 partir d&#039;un rouleau de fil m\u00e9tallique.  \u00c0 leur tour, les pinces de traction ajustables permettent de simplifier l&#039;ajustement en tirant sur le cuir et la doublure contre le mur pendant que la machine pose les agrafes.  Le fil m\u00e9tallique est si fin qu&#039;il ne g\u00eane pas lors de la pose de la tr\u00e9pointe.  Elle a \u00e9t\u00e9 cr\u00e9\u00e9e pour palier les probl\u00e8mes habituels des machines m\u00e9caniques,  du fait que le frein et l&#039;embrayage ont \u00e9t\u00e9 remplac\u00e9s par  un moteur \u00e0 variateur de vitesse \u00e9lectronique. &nbsp; Cat\u00e1logo: Descargar &nbsp; &nbsp;\" \/>\n<meta property=\"og:url\" content=\"https:\/\/pradas.net\/fr\/producto\/monter-les-flancs-agrafes-usl-b-usm-vario-s\/\" \/>\n<meta property=\"og:site_name\" content=\"Pradas\" \/>\n<meta property=\"og:image\" content=\"https:\/\/pradas.net\/wp-content\/uploads\/2025\/01\/3-MAQ.-MONTAR-COSTADOS-CON-GRAPAS-USL-B-VARIO-STOP-09765-2025_-1.png\" \/>\n\t<meta property=\"og:image:width\" content=\"1050\" \/>\n\t<meta property=\"og:image:height\" content=\"1400\" \/>\n\t<meta property=\"og:image:type\" content=\"image\/png\" \/>\n<meta name=\"twitter:card\" content=\"summary_large_image\" \/>\n<script type=\"application\/ld+json\" class=\"yoast-schema-graph\">{\"@context\":\"https:\\\/\\\/schema.org\",\"@graph\":[{\"@type\":\"WebPage\",\"@id\":\"https:\\\/\\\/pradas.net\\\/fr\\\/producto\\\/monter-les-flancs-agrafes-usl-b-usm-vario-s\\\/\",\"url\":\"https:\\\/\\\/pradas.net\\\/fr\\\/producto\\\/monter-les-flancs-agrafes-usl-b-usm-vario-s\\\/\",\"name\":\"Monter les Flancs Agrafes USL-B USM Vario S. | Pradas\",\"isPartOf\":{\"@id\":\"https:\\\/\\\/pradas.net\\\/fr\\\/#website\"},\"primaryImageOfPage\":{\"@id\":\"https:\\\/\\\/pradas.net\\\/fr\\\/producto\\\/monter-les-flancs-agrafes-usl-b-usm-vario-s\\\/#primaryimage\"},\"image\":{\"@id\":\"https:\\\/\\\/pradas.net\\\/fr\\\/producto\\\/monter-les-flancs-agrafes-usl-b-usm-vario-s\\\/#primaryimage\"},\"thumbnailUrl\":\"https:\\\/\\\/pradas.net\\\/wp-content\\\/uploads\\\/2025\\\/01\\\/3-MAQ.-MONTAR-COSTADOS-CON-GRAPAS-USL-B-VARIO-STOP-09765-2025_-1.png\",\"datePublished\":\"2025-01-26T18:42:12+00:00\",\"breadcrumb\":{\"@id\":\"https:\\\/\\\/pradas.net\\\/fr\\\/producto\\\/monter-les-flancs-agrafes-usl-b-usm-vario-s\\\/#breadcrumb\"},\"inLanguage\":\"fr-FR\",\"potentialAction\":[{\"@type\":\"ReadAction\",\"target\":[\"https:\\\/\\\/pradas.net\\\/fr\\\/producto\\\/monter-les-flancs-agrafes-usl-b-usm-vario-s\\\/\"]}]},{\"@type\":\"ImageObject\",\"inLanguage\":\"fr-FR\",\"@id\":\"https:\\\/\\\/pradas.net\\\/fr\\\/producto\\\/monter-les-flancs-agrafes-usl-b-usm-vario-s\\\/#primaryimage\",\"url\":\"https:\\\/\\\/pradas.net\\\/wp-content\\\/uploads\\\/2025\\\/01\\\/3-MAQ.-MONTAR-COSTADOS-CON-GRAPAS-USL-B-VARIO-STOP-09765-2025_-1.png\",\"contentUrl\":\"https:\\\/\\\/pradas.net\\\/wp-content\\\/uploads\\\/2025\\\/01\\\/3-MAQ.-MONTAR-COSTADOS-CON-GRAPAS-USL-B-VARIO-STOP-09765-2025_-1.png\",\"width\":1050,\"height\":1400},{\"@type\":\"BreadcrumbList\",\"@id\":\"https:\\\/\\\/pradas.net\\\/fr\\\/producto\\\/monter-les-flancs-agrafes-usl-b-usm-vario-s\\\/#breadcrumb\",\"itemListElement\":[{\"@type\":\"ListItem\",\"position\":1,\"name\":\"Portada\",\"item\":\"https:\\\/\\\/pradas.net\\\/fr\\\/accueil\\\/\"},{\"@type\":\"ListItem\",\"position\":2,\"name\":\"Shop\",\"item\":\"https:\\\/\\\/pradas.net\\\/?page_id=192\"},{\"@type\":\"ListItem\",\"position\":3,\"name\":\"Monter les Flancs Agrafes USL-B USM Vario S.\"}]},{\"@type\":\"WebSite\",\"@id\":\"https:\\\/\\\/pradas.net\\\/fr\\\/#website\",\"url\":\"https:\\\/\\\/pradas.net\\\/fr\\\/\",\"name\":\"Pradas\",\"description\":\"\",\"potentialAction\":[{\"@type\":\"SearchAction\",\"target\":{\"@type\":\"EntryPoint\",\"urlTemplate\":\"https:\\\/\\\/pradas.net\\\/fr\\\/?s={search_term_string}\"},\"query-input\":{\"@type\":\"PropertyValueSpecification\",\"valueRequired\":true,\"valueName\":\"search_term_string\"}}],\"inLanguage\":\"fr-FR\"}]}<\/script>\n<!-- \/ Yoast SEO plugin. -->","yoast_head_json":{"title":"Monter les Flancs Agrafes USL-B USM Vario S. | Pradas","robots":{"index":"index","follow":"follow","max-snippet":"max-snippet:-1","max-image-preview":"max-image-preview:large","max-video-preview":"max-video-preview:-1"},"canonical":"https:\/\/pradas.net\/fr\/producto\/monter-les-flancs-agrafes-usl-b-usm-vario-s\/","og_locale":"fr_FR","og_type":"article","og_title":"Monter les Flancs Agrafes USL-B USM Vario S. | Pradas","og_description":"Cette machine a pour fonction d'ajuster la coupe de la fabrication Goodyear \u00e0 l'embauchoir et de la fixer au mur \u00e0 l'aide d'agrafes que la machine fabrique directement \u00e0 partir d'un rouleau de fil m\u00e9tallique.  \u00c0 leur tour, les pinces de traction ajustables permettent de simplifier l'ajustement en tirant sur le cuir et la doublure contre le mur pendant que la machine pose les agrafes.  Le fil m\u00e9tallique est si fin qu'il ne g\u00eane pas lors de la pose de la tr\u00e9pointe.  Elle a \u00e9t\u00e9 cr\u00e9\u00e9e pour palier les probl\u00e8mes habituels des machines m\u00e9caniques,  du fait que le frein et l'embrayage ont \u00e9t\u00e9 remplac\u00e9s par  un moteur \u00e0 variateur de vitesse \u00e9lectronique. &nbsp; Cat\u00e1logo: Descargar &nbsp; &nbsp;","og_url":"https:\/\/pradas.net\/fr\/producto\/monter-les-flancs-agrafes-usl-b-usm-vario-s\/","og_site_name":"Pradas","og_image":[{"width":1050,"height":1400,"url":"https:\/\/pradas.net\/wp-content\/uploads\/2025\/01\/3-MAQ.-MONTAR-COSTADOS-CON-GRAPAS-USL-B-VARIO-STOP-09765-2025_-1.png","type":"image\/png"}],"twitter_card":"summary_large_image","schema":{"@context":"https:\/\/schema.org","@graph":[{"@type":"WebPage","@id":"https:\/\/pradas.net\/fr\/producto\/monter-les-flancs-agrafes-usl-b-usm-vario-s\/","url":"https:\/\/pradas.net\/fr\/producto\/monter-les-flancs-agrafes-usl-b-usm-vario-s\/","name":"Monter les Flancs Agrafes USL-B USM Vario S. | Pradas","isPartOf":{"@id":"https:\/\/pradas.net\/fr\/#website"},"primaryImageOfPage":{"@id":"https:\/\/pradas.net\/fr\/producto\/monter-les-flancs-agrafes-usl-b-usm-vario-s\/#primaryimage"},"image":{"@id":"https:\/\/pradas.net\/fr\/producto\/monter-les-flancs-agrafes-usl-b-usm-vario-s\/#primaryimage"},"thumbnailUrl":"https:\/\/pradas.net\/wp-content\/uploads\/2025\/01\/3-MAQ.-MONTAR-COSTADOS-CON-GRAPAS-USL-B-VARIO-STOP-09765-2025_-1.png","datePublished":"2025-01-26T18:42:12+00:00","breadcrumb":{"@id":"https:\/\/pradas.net\/fr\/producto\/monter-les-flancs-agrafes-usl-b-usm-vario-s\/#breadcrumb"},"inLanguage":"fr-FR","potentialAction":[{"@type":"ReadAction","target":["https:\/\/pradas.net\/fr\/producto\/monter-les-flancs-agrafes-usl-b-usm-vario-s\/"]}]},{"@type":"ImageObject","inLanguage":"fr-FR","@id":"https:\/\/pradas.net\/fr\/producto\/monter-les-flancs-agrafes-usl-b-usm-vario-s\/#primaryimage","url":"https:\/\/pradas.net\/wp-content\/uploads\/2025\/01\/3-MAQ.-MONTAR-COSTADOS-CON-GRAPAS-USL-B-VARIO-STOP-09765-2025_-1.png","contentUrl":"https:\/\/pradas.net\/wp-content\/uploads\/2025\/01\/3-MAQ.-MONTAR-COSTADOS-CON-GRAPAS-USL-B-VARIO-STOP-09765-2025_-1.png","width":1050,"height":1400},{"@type":"BreadcrumbList","@id":"https:\/\/pradas.net\/fr\/producto\/monter-les-flancs-agrafes-usl-b-usm-vario-s\/#breadcrumb","itemListElement":[{"@type":"ListItem","position":1,"name":"Portada","item":"https:\/\/pradas.net\/fr\/accueil\/"},{"@type":"ListItem","position":2,"name":"Shop","item":"https:\/\/pradas.net\/?page_id=192"},{"@type":"ListItem","position":3,"name":"Monter les Flancs Agrafes USL-B USM Vario S."}]},{"@type":"WebSite","@id":"https:\/\/pradas.net\/fr\/#website","url":"https:\/\/pradas.net\/fr\/","name":"Pradas","description":"","potentialAction":[{"@type":"SearchAction","target":{"@type":"EntryPoint","urlTemplate":"https:\/\/pradas.net\/fr\/?s={search_term_string}"},"query-input":{"@type":"PropertyValueSpecification","valueRequired":true,"valueName":"search_term_string"}}],"inLanguage":"fr-FR"}]}},"_links":{"self":[{"href":"https:\/\/pradas.net\/fr\/wp-json\/wp\/v2\/product\/8857","targetHints":{"allow":["GET"]}}],"collection":[{"href":"https:\/\/pradas.net\/fr\/wp-json\/wp\/v2\/product"}],"about":[{"href":"https:\/\/pradas.net\/fr\/wp-json\/wp\/v2\/types\/product"}],"replies":[{"embeddable":true,"href":"https:\/\/pradas.net\/fr\/wp-json\/wp\/v2\/comments?post=8857"}],"wp:featuredmedia":[{"embeddable":true,"href":"https:\/\/pradas.net\/fr\/wp-json\/wp\/v2\/media\/4176"}],"wp:attachment":[{"href":"https:\/\/pradas.net\/fr\/wp-json\/wp\/v2\/media?parent=8857"}],"wp:term":[{"taxonomy":"product_brand","embeddable":true,"href":"https:\/\/pradas.net\/fr\/wp-json\/wp\/v2\/product_brand?post=8857"},{"taxonomy":"product_cat","embeddable":true,"href":"https:\/\/pradas.net\/fr\/wp-json\/wp\/v2\/product_cat?post=8857"},{"taxonomy":"product_tag","embeddable":true,"href":"https:\/\/pradas.net\/fr\/wp-json\/wp\/v2\/product_tag?post=8857"}],"curies":[{"name":"wp","href":"https:\/\/api.w.org\/{rel}","templated":true}]}}

<ul>
<li>Cette machine a pour fonction d&rsquo;ajuster la coupe de la fabrication Goodyear à l&#8217;embauchoir et de la fixer au mur à l&rsquo;aide d&rsquo;agrafes que la machine fabrique directement à partir d&rsquo;un rouleau de fil métallique.</li>
<li>À leur tour, les pinces de traction ajustables permettent de simplifier l&rsquo;ajustement en tirant sur le cuir et la doublure contre le mur pendant que la machine pose les agrafes.</li>
<li>Le fil métallique est si fin qu&rsquo;il ne gêne pas lors de la pose de la trépointe. </li>
<li>Elle a été créée pour palier les problèmes habituels des machines mécaniques,</li>
<li>du fait que le frein et l&#8217;embrayage ont été remplacés par</li>
<li>un moteur à variateur de vitesse électronique.</li>
</ul>
<p>&nbsp;</p>
<p>Catálogo: <a href="https://www.pradas.net/wp-content/uploads/2025/01/3.-MAQ.-MONTAR-COSTADOS-CON-GRAPAS-USL-B-VARIO-STOP-09765_Espanol.pdf" target="_blank" rel="noopener">Descargar</a></p>
<p>&nbsp;</p>
<p>&nbsp;</p>

<!-- This site is optimized with the Yoast SEO plugin v27.3 - https://yoast.com/product/yoast-seo-wordpress/ -->
<title>Monter les Flancs Agrafes USL-B USM Vario S. | Pradas</title>
<meta name="robots" content="index, follow, max-snippet:-1, max-image-preview:large, max-video-preview:-1" />
<link rel="canonical" href="https://pradas.net/fr/producto/monter-les-flancs-agrafes-usl-b-usm-vario-s/" />
<meta property="og:locale" content="fr_FR" />
<meta property="og:type" content="article" />
<meta property="og:title" content="Monter les Flancs Agrafes USL-B USM Vario S. | Pradas" />
<meta property="og:description" content="Cette machine a pour fonction d&#039;ajuster la coupe de la fabrication Goodyear à l&#039;embauchoir et de la fixer au mur à l&#039;aide d&#039;agrafes que la machine fabrique directement à partir d&#039;un rouleau de fil métallique.  À leur tour, les pinces de traction ajustables permettent de simplifier l&#039;ajustement en tirant sur le cuir et la doublure contre le mur pendant que la machine pose les agrafes.  Le fil métallique est si fin qu&#039;il ne gêne pas lors de la pose de la trépointe.  Elle a été créée pour palier les problèmes habituels des machines mécaniques,  du fait que le frein et l&#039;embrayage ont été remplacés par  un moteur à variateur de vitesse électronique. &nbsp; Catálogo: Descargar &nbsp; &nbsp;" />
<meta property="og:url" content="https://pradas.net/fr/producto/monter-les-flancs-agrafes-usl-b-usm-vario-s/" />
<meta property="og:site_name" content="Pradas" />
<meta property="og:image" content="https://pradas.net/wp-content/uploads/2025/01/3-MAQ.-MONTAR-COSTADOS-CON-GRAPAS-USL-B-VARIO-STOP-09765-2025_-1.png" />
	<meta property="og:image:width" content="1050" />
	<meta property="og:image:height" content="1400" />
	<meta property="og:image:type" content="image/png" />
<meta name="twitter:card" content="summary_large_image" />
<script type="application/ld+json" class="yoast-schema-graph">{"@context":"https:\/\/schema.org","@graph":[{"@type":"WebPage","@id":"https:\/\/pradas.net\/fr\/producto\/monter-les-flancs-agrafes-usl-b-usm-vario-s\/","url":"https:\/\/pradas.net\/fr\/producto\/monter-les-flancs-agrafes-usl-b-usm-vario-s\/","name":"Monter les Flancs Agrafes USL-B USM Vario S. | Pradas","isPartOf":{"@id":"https:\/\/pradas.net\/fr\/#website"},"primaryImageOfPage":{"@id":"https:\/\/pradas.net\/fr\/producto\/monter-les-flancs-agrafes-usl-b-usm-vario-s\/#primaryimage"},"image":{"@id":"https:\/\/pradas.net\/fr\/producto\/monter-les-flancs-agrafes-usl-b-usm-vario-s\/#primaryimage"},"thumbnailUrl":"https:\/\/pradas.net\/wp-content\/uploads\/2025\/01\/3-MAQ.-MONTAR-COSTADOS-CON-GRAPAS-USL-B-VARIO-STOP-09765-2025_-1.png","datePublished":"2025-01-26T18:42:12+00:00","breadcrumb":{"@id":"https:\/\/pradas.net\/fr\/producto\/monter-les-flancs-agrafes-usl-b-usm-vario-s\/#breadcrumb"},"inLanguage":"fr-FR","potentialAction":[{"@type":"ReadAction","target":["https:\/\/pradas.net\/fr\/producto\/monter-les-flancs-agrafes-usl-b-usm-vario-s\/"]}]},{"@type":"ImageObject","inLanguage":"fr-FR","@id":"https:\/\/pradas.net\/fr\/producto\/monter-les-flancs-agrafes-usl-b-usm-vario-s\/#primaryimage","url":"https:\/\/pradas.net\/wp-content\/uploads\/2025\/01\/3-MAQ.-MONTAR-COSTADOS-CON-GRAPAS-USL-B-VARIO-STOP-09765-2025_-1.png","contentUrl":"https:\/\/pradas.net\/wp-content\/uploads\/2025\/01\/3-MAQ.-MONTAR-COSTADOS-CON-GRAPAS-USL-B-VARIO-STOP-09765-2025_-1.png","width":1050,"height":1400},{"@type":"BreadcrumbList","@id":"https:\/\/pradas.net\/fr\/producto\/monter-les-flancs-agrafes-usl-b-usm-vario-s\/#breadcrumb","itemListElement":[{"@type":"ListItem","position":1,"name":"Portada","item":"https:\/\/pradas.net\/fr\/accueil\/"},{"@type":"ListItem","position":2,"name":"Shop","item":"https:\/\/pradas.net\/?page_id=192"},{"@type":"ListItem","position":3,"name":"Monter les Flancs Agrafes USL-B USM Vario S."}]},{"@type":"WebSite","@id":"https:\/\/pradas.net\/fr\/#website","url":"https:\/\/pradas.net\/fr\/","name":"Pradas","description":"","potentialAction":[{"@type":"SearchAction","target":{"@type":"EntryPoint","urlTemplate":"https:\/\/pradas.net\/fr\/?s={search_term_string}"},"query-input":{"@type":"PropertyValueSpecification","valueRequired":true,"valueName":"search_term_string"}}],"inLanguage":"fr-FR"}]}</script>
<!-- / Yoast SEO plugin. -->

Cette machine a pour fonction d'ajuster la coupe de la fabrication Goodyear à l'embauchoir et de la fixer au mur à l'aide d'agrafes que la machine fabrique directement à partir d'un rouleau de fil métallique.  À leur tour, les pinces de traction ajustables permettent de simplifier l'ajustement en tirant sur le cuir et la doublure contre le mur pendant que la machine pose les agrafes.  Le fil métallique est si fin qu'il ne gêne pas lors de la pose de la trépointe.  Elle a été créée pour palier les problèmes habituels des machines mécaniques,  du fait que le frein et l'embrayage ont été remplacés par  un moteur à variateur de vitesse électronique. &nbsp; Catálogo: Descargar &nbsp; &nbsp;
